{"id":213,"date":"2015-09-25T05:29:21","date_gmt":"2015-09-25T05:29:21","guid":{"rendered":"http:\/\/hidrogruastka.com.ar\/web\/?page_id=213"},"modified":"2020-08-29T12:21:54","modified_gmt":"2020-08-29T12:21:54","slug":"agentes-soporte-tecnico","status":"publish","type":"page","link":"https:\/\/hidrogruastka.com.ar\/web\/agentes-soporte-tecnico\/","title":{"rendered":"Agentes y Soporte T\u00e9cnico"},"content":{"rendered":"<p><strong><span style=\"color: #000000;\">Hidrogr\u00faas TKA cuenta con Agentes y Soporte T\u00e9cnico autorizados en las ciudades de Neuqu\u00e9n, <a href=\"https:\/\/hidrogruastka.com.ar\/web\/agentes-soporte-tecnico\/mendoza-elasticos-lioy\/\" target=\"_blank\" rel=\"noopener noreferrer\">Mendoza<\/a>, Resistencia, C\u00f3rdoba, Rosario y Buenos Aires.<\/span><\/strong><\/p>\n<p><iframe loading=\"lazy\" src=\"https:\/\/www.google.com\/maps\/d\/embed?mid=1zhhSWghqltDfoHl72F5Z_Y209ytaOl6a\" width=\"640\" height=\"480\"><\/iframe><\/p>\n<p>&nbsp;<\/p>\n<p>&nbsp;<\/p>\n<p><strong><span style=\"color: #000000;\">CONTACTARSE:<\/span><\/strong><\/p>\n<p><span style=\"color: #000000;\">\n<div class=\"wpcf7 no-js\" id=\"wpcf7-f82-o1\" lang=\"es-ES\" dir=\"ltr\" data-wpcf7-id=\"82\">\n<div class=\"screen-reader-response\"><p role=\"status\" aria-live=\"polite\" aria-atomic=\"true\"><\/p> <ul><\/ul><\/div>\n<form action=\"\/web\/wp-json\/wp\/v2\/pages\/213#wpcf7-f82-o1\" method=\"post\" class=\"wpcf7-form init\" aria-label=\"Formulario de contacto\" novalidate=\"novalidate\" data-status=\"init\">\n<fieldset class=\"hidden-fields-container\"><input type=\"hidden\" name=\"_wpcf7\" value=\"82\" \/><input type=\"hidden\" name=\"_wpcf7_version\" value=\"6.1.5\" \/><input type=\"hidden\" name=\"_wpcf7_locale\" value=\"es_ES\" \/><input type=\"hidden\" name=\"_wpcf7_unit_tag\" value=\"wpcf7-f82-o1\" \/><input type=\"hidden\" name=\"_wpcf7_container_post\" value=\"0\" \/><input type=\"hidden\" name=\"_wpcf7_posted_data_hash\" value=\"\" \/>\n<\/fieldset>\n<p>Nombre (requerido)\n<\/p>\n<p><span class=\"wpcf7-form-control-wrap\" data-name=\"your-name\"><input size=\"40\" maxlength=\"400\" class=\"wpcf7-form-control wpcf7-text wpcf7-validates-as-required\" aria-required=\"true\" aria-invalid=\"false\" value=\"\" type=\"text\" name=\"your-name\" \/><\/span>\n<\/p>\n<p>E-mail (requerido)\n<\/p>\n<p><span class=\"wpcf7-form-control-wrap\" data-name=\"your-email\"><input size=\"40\" maxlength=\"400\" class=\"wpcf7-form-control wpcf7-email wpcf7-validates-as-required wpcf7-text wpcf7-validates-as-email\" aria-required=\"true\" aria-invalid=\"false\" value=\"\" type=\"email\" name=\"your-email\" \/><\/span>\n<\/p>\n<p>Tel\u00e9fono (requerido)\n<\/p>\n<p><span class=\"wpcf7-form-control-wrap\" data-name=\"telefono\"><input size=\"40\" maxlength=\"400\" class=\"wpcf7-form-control wpcf7-tel wpcf7-validates-as-required wpcf7-text wpcf7-validates-as-tel\" aria-required=\"true\" aria-invalid=\"false\" value=\"\" type=\"tel\" name=\"telefono\" \/><\/span>\n<\/p>\n<p>Ciudad\/Localidad (requerido)\n<\/p>\n<p><span class=\"wpcf7-form-control-wrap\" data-name=\"ciudad\"><input size=\"40\" maxlength=\"400\" class=\"wpcf7-form-control wpcf7-text wpcf7-validates-as-required\" aria-required=\"true\" aria-invalid=\"false\" value=\"\" type=\"text\" name=\"ciudad\" \/><\/span>\n<\/p>\n<p>Asunto\n<\/p>\n<p><span class=\"wpcf7-form-control-wrap\" data-name=\"your-subject\"><input size=\"40\" maxlength=\"400\" class=\"wpcf7-form-control wpcf7-text\" aria-invalid=\"false\" value=\"\" type=\"text\" name=\"your-subject\" \/><\/span>\n<\/p>\n<p>Datos Adicionales\n<\/p>\n<p>Alcance en altura: <span class=\"wpcf7-form-control-wrap\" data-name=\"alcance\"><input class=\"wpcf7-form-control wpcf7-number wpcf7-validates-as-number\" aria-invalid=\"false\" value=\"\" type=\"number\" name=\"alcance\" \/><\/span>\n<\/p>\n<p>Carga m\u00e1xima al pi\u00e9 del cami\u00f3n (en ton.): <span class=\"wpcf7-form-control-wrap\" data-name=\"pie\"><input class=\"wpcf7-form-control wpcf7-number wpcf7-validates-as-number\" aria-invalid=\"false\" value=\"\" type=\"number\" name=\"pie\" \/><\/span>\n<\/p>\n<p>Marca y modelo del cami\u00f3n: <span class=\"wpcf7-form-control-wrap\" data-name=\"camion\"><input size=\"40\" maxlength=\"400\" class=\"wpcf7-form-control wpcf7-text\" aria-invalid=\"false\" value=\"\" type=\"text\" name=\"camion\" \/><\/span>\n<\/p>\n<p>Uso del equipo: <span class=\"wpcf7-form-control-wrap\" data-name=\"uso\"><textarea cols=\"40\" rows=\"10\" maxlength=\"2000\" class=\"wpcf7-form-control wpcf7-textarea\" aria-invalid=\"false\" name=\"uso\"><\/textarea><\/span>\n<\/p>\n<p>Su mensaje\n<\/p>\n<p><span class=\"wpcf7-form-control-wrap\" data-name=\"your-message\"><textarea cols=\"40\" rows=\"10\" maxlength=\"2000\" class=\"wpcf7-form-control wpcf7-textarea\" aria-invalid=\"false\" name=\"your-message\"><\/textarea><\/span>\n<\/p>\n<p><input class=\"wpcf7-form-control wpcf7-submit has-spinner\" type=\"submit\" value=\"Enviar\" \/>\n<\/p><div class=\"wpcf7-response-output\" aria-hidden=\"true\"><\/div>\n<\/form>\n<\/div>\n<\/span><\/p>\n<p>&nbsp;<\/p>\n<p>&nbsp;<\/p>\n<!-- AddThis Advanced Settings generic via filter on the_content --><!-- AddThis Share Buttons generic via filter on the_content -->","protected":false},"excerpt":{"rendered":"<p>Hidrogr\u00faas TKA cuenta con Agentes y Soporte T\u00e9cnico autorizados en las ciudades de Neuqu\u00e9n, Mendoza, Resistencia, C\u00f3rdoba, Rosario y Buenos Aires. &nbsp; &nbsp; CONTACTARSE: &nbsp; &nbsp;<!-- AddThis Advanced Settings generic via filter on get_the_excerpt --><!-- AddThis Share Buttons generic via filter on get_the_excerpt --><\/p>\n","protected":false},"author":2,"featured_media":0,"parent":0,"menu_order":0,"comment_status":"closed","ping_status":"closed","template":"","meta":{"_joinchat":[],"footnotes":""},"class_list":["post-213","page","type-page","status-publish","hentry"],"yoast_head":"<!-- This site is optimized with the Yoast SEO plugin v27.4 - https:\/\/yoast.com\/product\/yoast-seo-wordpress\/ -->\n<title>Agentes y Soporte T\u00e9cnico - Hidrogr\u00faas TKA<\/title>\n<meta name=\"robots\" content=\"index, follow, max-snippet:-1, max-image-preview:large, max-video-preview:-1\" \/>\n<link rel=\"canonical\" href=\"https:\/\/hidrogruastka.com.ar\/web\/agentes-soporte-tecnico\/\" \/>\n<meta property=\"og:locale\" content=\"es_ES\" \/>\n<meta property=\"og:type\" content=\"article\" \/>\n<meta property=\"og:title\" content=\"Agentes y Soporte T\u00e9cnico - Hidrogr\u00faas TKA\" \/>\n<meta property=\"og:description\" content=\"Hidrogr\u00faas TKA cuenta con Agentes y Soporte T\u00e9cnico autorizados en las ciudades de Neuqu\u00e9n, Mendoza, Resistencia, C\u00f3rdoba, Rosario y Buenos Aires. &nbsp; &nbsp; CONTACTARSE: &nbsp; &nbsp;\" \/>\n<meta property=\"og:url\" content=\"https:\/\/hidrogruastka.com.ar\/web\/agentes-soporte-tecnico\/\" \/>\n<meta property=\"og:site_name\" content=\"Hidrogr\u00faas TKA\" \/>\n<meta property=\"article:publisher\" content=\"https:\/\/www.facebook.com\/hidrogruastka\" \/>\n<meta property=\"article:modified_time\" content=\"2020-08-29T12:21:54+00:00\" \/>\n<meta name=\"twitter:card\" content=\"summary_large_image\" \/>\n<script type=\"application\/ld+json\" class=\"yoast-schema-graph\">{\"@context\":\"https:\\\/\\\/schema.org\",\"@graph\":[{\"@type\":\"WebPage\",\"@id\":\"https:\\\/\\\/hidrogruastka.com.ar\\\/web\\\/agentes-soporte-tecnico\\\/\",\"url\":\"https:\\\/\\\/hidrogruastka.com.ar\\\/web\\\/agentes-soporte-tecnico\\\/\",\"name\":\"Agentes y Soporte T\u00e9cnico - Hidrogr\u00faas TKA\",\"isPartOf\":{\"@id\":\"https:\\\/\\\/hidrogruastka.com.ar\\\/web\\\/#website\"},\"datePublished\":\"2015-09-25T05:29:21+00:00\",\"dateModified\":\"2020-08-29T12:21:54+00:00\",\"breadcrumb\":{\"@id\":\"https:\\\/\\\/hidrogruastka.com.ar\\\/web\\\/agentes-soporte-tecnico\\\/#breadcrumb\"},\"inLanguage\":\"es\",\"potentialAction\":[{\"@type\":\"ReadAction\",\"target\":[\"https:\\\/\\\/hidrogruastka.com.ar\\\/web\\\/agentes-soporte-tecnico\\\/\"]}]},{\"@type\":\"BreadcrumbList\",\"@id\":\"https:\\\/\\\/hidrogruastka.com.ar\\\/web\\\/agentes-soporte-tecnico\\\/#breadcrumb\",\"itemListElement\":[{\"@type\":\"ListItem\",\"position\":1,\"name\":\"Portada\",\"item\":\"https:\\\/\\\/hidrogruastka.com.ar\\\/web\\\/\"},{\"@type\":\"ListItem\",\"position\":2,\"name\":\"Agentes y Soporte T\u00e9cnico\"}]},{\"@type\":\"WebSite\",\"@id\":\"https:\\\/\\\/hidrogruastka.com.ar\\\/web\\\/#website\",\"url\":\"https:\\\/\\\/hidrogruastka.com.ar\\\/web\\\/\",\"name\":\"Hidrogr\u00faas TKA\",\"description\":\"Calidad asegurada\",\"potentialAction\":[{\"@type\":\"SearchAction\",\"target\":{\"@type\":\"EntryPoint\",\"urlTemplate\":\"https:\\\/\\\/hidrogruastka.com.ar\\\/web\\\/?s={search_term_string}\"},\"query-input\":{\"@type\":\"PropertyValueSpecification\",\"valueRequired\":true,\"valueName\":\"search_term_string\"}}],\"inLanguage\":\"es\"}]}<\/script>\n<!-- \/ Yoast SEO plugin. -->","yoast_head_json":{"title":"Agentes y Soporte T\u00e9cnico - Hidrogr\u00faas TKA","robots":{"index":"index","follow":"follow","max-snippet":"max-snippet:-1","max-image-preview":"max-image-preview:large","max-video-preview":"max-video-preview:-1"},"canonical":"https:\/\/hidrogruastka.com.ar\/web\/agentes-soporte-tecnico\/","og_locale":"es_ES","og_type":"article","og_title":"Agentes y Soporte T\u00e9cnico - Hidrogr\u00faas TKA","og_description":"Hidrogr\u00faas TKA cuenta con Agentes y Soporte T\u00e9cnico autorizados en las ciudades de Neuqu\u00e9n, Mendoza, Resistencia, C\u00f3rdoba, Rosario y Buenos Aires. &nbsp; &nbsp; CONTACTARSE: &nbsp; &nbsp;","og_url":"https:\/\/hidrogruastka.com.ar\/web\/agentes-soporte-tecnico\/","og_site_name":"Hidrogr\u00faas TKA","article_publisher":"https:\/\/www.facebook.com\/hidrogruastka","article_modified_time":"2020-08-29T12:21:54+00:00","twitter_card":"summary_large_image","schema":{"@context":"https:\/\/schema.org","@graph":[{"@type":"WebPage","@id":"https:\/\/hidrogruastka.com.ar\/web\/agentes-soporte-tecnico\/","url":"https:\/\/hidrogruastka.com.ar\/web\/agentes-soporte-tecnico\/","name":"Agentes y Soporte T\u00e9cnico - Hidrogr\u00faas TKA","isPartOf":{"@id":"https:\/\/hidrogruastka.com.ar\/web\/#website"},"datePublished":"2015-09-25T05:29:21+00:00","dateModified":"2020-08-29T12:21:54+00:00","breadcrumb":{"@id":"https:\/\/hidrogruastka.com.ar\/web\/agentes-soporte-tecnico\/#breadcrumb"},"inLanguage":"es","potentialAction":[{"@type":"ReadAction","target":["https:\/\/hidrogruastka.com.ar\/web\/agentes-soporte-tecnico\/"]}]},{"@type":"BreadcrumbList","@id":"https:\/\/hidrogruastka.com.ar\/web\/agentes-soporte-tecnico\/#breadcrumb","itemListElement":[{"@type":"ListItem","position":1,"name":"Portada","item":"https:\/\/hidrogruastka.com.ar\/web\/"},{"@type":"ListItem","position":2,"name":"Agentes y Soporte T\u00e9cnico"}]},{"@type":"WebSite","@id":"https:\/\/hidrogruastka.com.ar\/web\/#website","url":"https:\/\/hidrogruastka.com.ar\/web\/","name":"Hidrogr\u00faas TKA","description":"Calidad asegurada","potentialAction":[{"@type":"SearchAction","target":{"@type":"EntryPoint","urlTemplate":"https:\/\/hidrogruastka.com.ar\/web\/?s={search_term_string}"},"query-input":{"@type":"PropertyValueSpecification","valueRequired":true,"valueName":"search_term_string"}}],"inLanguage":"es"}]}},"_links":{"self":[{"href":"https:\/\/hidrogruastka.com.ar\/web\/wp-json\/wp\/v2\/pages\/213","targetHints":{"allow":["GET"]}}],"collection":[{"href":"https:\/\/hidrogruastka.com.ar\/web\/wp-json\/wp\/v2\/pages"}],"about":[{"href":"https:\/\/hidrogruastka.com.ar\/web\/wp-json\/wp\/v2\/types\/page"}],"author":[{"embeddable":true,"href":"https:\/\/hidrogruastka.com.ar\/web\/wp-json\/wp\/v2\/users\/2"}],"replies":[{"embeddable":true,"href":"https:\/\/hidrogruastka.com.ar\/web\/wp-json\/wp\/v2\/comments?post=213"}],"version-history":[{"count":15,"href":"https:\/\/hidrogruastka.com.ar\/web\/wp-json\/wp\/v2\/pages\/213\/revisions"}],"predecessor-version":[{"id":3692,"href":"https:\/\/hidrogruastka.com.ar\/web\/wp-json\/wp\/v2\/pages\/213\/revisions\/3692"}],"wp:attachment":[{"href":"https:\/\/hidrogruastka.com.ar\/web\/wp-json\/wp\/v2\/media?parent=213"}],"curies":[{"name":"wp","href":"https:\/\/api.w.org\/{rel}","templated":true}]}}